
(-3 - (2 - -2)) + 8 + 11 + -4
8
25 + -12 + 9 + -5 + 1 + -9
9
Evaluate 4 + (23 - (-17 + 38)).
6
Calculate (-5 - -1 - (6 - 7)) + (-44 - -34).
-13
6 + (1 - (-4 - 6 - (2 + -14)))
5
Evaluate (-4 - -8) + -7 + 5 + 13.
15
1 + (59 - 56 - (1 + 6))
-3
What is (-3 - 4) + (-11 - -9 - -18)?
9
40 + (-5 - 17) - 36
-18
Calculate -9 + 44 - (16 + 12).
7
Evaluate 9 + 1 + -3 - (4 - -9 - -10).
-16
What is the value of -19 + 19 + (-54 - -10) + 12?
-32
Evaluate -3 - (-27 - (0 + -5 - (-61 - -64))).
16
What is the value of (-4 - -28) + -36 + 20?
8
Calculate -13 + 1 + 11 + (-17 - -12).
-6
Evaluate 11 + 27 + -46 - (0 - 24).
16
Evaluate -10 - (3 - -21 - 22).
-12
Calculate 17 - (-7 + (-15 - -39)).
0
What is the value of (7 + -36 - -22) + 12 + -2 + 9?
12
What is the value of 0 + 10 + 39 + (-40 - -16)?
25
Calculate 6 - ((12 - (-8 - (4 + -16))) + 18).
-20
What is the value of 13 + -3 - 4 - (-100 + 94)?
12
Evaluate -63 - -63 - (-3 + 2).
1
Evaluate 24 + -28 + (2 - 1) + (-9 - -11).
-1
Evaluate 7 - (-6 + 3 - -19) - -12.
3
What is -10 - (9 - (5 - -1))?
-13
What is -3 - -1 - (2 - (9 + -9))?
-4
What is -3 - (-1 - -8 - (8 - -4 - 1))?
1
What is the value of (30 - 25) + 5 + 8 - 37?
-19
What is the value of (-8 - -13) + (-9 - -9 - -1)?
6
Evaluate -9 - -1 - (-3 + (-1 - -1)) - -14.
9
12 + -28 + (1 - -4) + -6 + 7
-10
What is (6 - (2 + 4)) + (-25 - -13)?
-12
7 + 1 - -2 - 12
-2
What is the value of 1 + -3 + -3 - (-63 + 44) - -3?
17
Evaluate (40 + -25 - 13) + 3 + 14.
19
What is 11 - (12 + -5) - -5?
9
What is 3 - (-6 + 4 - -2 - -5)?
-2
What is (26 + -41 + -6 - (9 - 1)) + 7?
-22
Calculate -19 - ((9 - 4) + (-5 - (-5 - -8))).
-16
Calculate -21 - (-12 - (10 - 8)).
-7
What is 3 + -3 - -3 - -3?
6
What is 0 + -9 - (-149 + 119)?
21
Evaluate -1 - (-5 + 2 - -1 - 3).
4
6 - (11 + -4 - (8 + 0)) - 10
-3
Evaluate -9 + 1 + (25 - 1).
16
Evaluate -1 + 0 + -4 - (-4 + 7 - 3).
-5
What is -11 + 9 + 2 + -3?
-3
What is the value of (-11 - (7 + -17)) + -5?
-6
What is 1 - 2 - -33 - (64 + -125 - -70)?
23
Calculate (1 - 10 - (-44 - -33)) + -10.
-8
What is -6 + (2 - 2 - 4) + -3?
-13
Calculate (-7 - -35) + 6 + -28.
6
What is the value of (-3 - 16) + 58 + -32?
7
-2 + -1 + 1 + -3 - (-10 - -9)
-4
Evaluate (-1 + 4 - 17) + (3 + -4 - -1).
-14
What is 4 - (6 - 6 - -2) - -6?
8
What is the value of (-2 - -7) + 11 + 10 + -19 + 3?
10
Calculate 24 + -40 + 22 + -12 + 1.
-5
Calculate 15 + 0 + (-15 - (26 - 35)).
9
Evaluate (-12 - -1) + 43 + -42.
-10
What is (-19 - -14) + -1 + 2 + 13?
9
What is -354 + 360 - (1 + 1 + (0 - 1))?
5
What is the value of (-72 + 18 - -11) + 25?
-18
What is the value of -22 - (-23 + (-21 - -22))?
0
Calculate -8 - ((-8 - -3) + (19 - 18)).
-4
Evaluate 17 - 0 - (13 - 15).
19
Evaluate -1 + 17 + 5 + -22 + 13.
12
What is -6 + -28 + 22 - -20?
8
Calculate -5 + 5 + 0 + 8.
8
What is -37 - ((1 - 3) + -18)?
-17
Calculate (-7 - -2) + -11 - -17.
1
Evaluate (22 - -6) + -14 + 2.
16
What is -3 + (9 + 11 - 12) + -12?
-7
What is -11 - 1 - -11 - 7?
-8
What is (0 - (-4 - -1 - -12)) + (-17 - -23)?
-3
What is the value of -10 + 14 + -14 + -5?
-15
Calculate (22 + -35 - -23) + 1.
11
-2 + -1 + 16 + -7 + 6
12
What is -3 + -1 + 6 - 4 - (-5 + -14)?
17
What is the value of (-33 - -24 - -12) + 14 + 2?
19
Evaluate -3 + (-3 - (12 - 15)).
-3
0 + -7 - (34 - 74) - 17
16
What is the value of 11 - (-13 + (-4 - -17))?
11
Calculate -1 + 12 + (35 + -5 - 28).
13
Evaluate 3 + (7 - (16 + -10)) + 10.
14
Calculate -25 + (5 - (8 - (4 + 13 + -11))).
-22
-13 + -9 + 15 - (-2 + -7)
2
Evaluate (-19 + 9 - -6) + (-4 - -1).
-7
Evaluate 9 - ((4 - 7) + 4 + 6).
2
Calculate 45 - (12 + (-4 - -16)).
21
What is the value of -17 + (0 - 19) + (407 - 404)?
-33
Evaluate 2 + 2 + 2 + -200 + 196 - 11.
-9
-8 + (-5 + 5 - 3 - 7)
-18
-103 - -96 - (-4 + 12 - 2)
-13
Calculate -21 - (-20 + 17) - -28.
10
What is (-49 - -58) + (2 - 3) + -23?
-15
Evaluate (-649 - -650) + 0 + -13 + 1.
-11
What is -5 + (-2 - (4 + (-5 - (6 - 5))))?
-5
What is the value of -333 - -320 - (2 + (4 - (0 - 0)))?
-19
Calculate -16 - ((-10 - (-14 - -7)) + -1 + -4).
-8
What is 7 + -9 + 4 + -6 + -3 + 24?
17
What is 32 - 21 - (5 - 1)?
7
Calculate 15 - 0 - (262 + -237).
-10
Evaluate 2 + -1 - (-76 + 73).
4
What is 5 + (4 - 8) - ((-18 - -18) + 27)?
-26
What is the value of (1 - -11) + (-10 + -8 - -7)?
1
Calculate 24 + (-13 - 5) + 9.
15
Evaluate (10 - 7 - -7) + -6 + 9.
13
Evaluate -2 - (1 + 1 + 12 + 7 + -24).
1
Calculate -6 + 1 + (7 - (-6 + 6)) - -3.
5
What is -8 - (-17 + 11) - -9 - (-1 + 0)?
8
What is -8 + -7 + -12 + 17 + 2 + -8?
-16
Evaluate 11 + 7 + -8 + (1 - 11).
0
What is the value of 9 - 0 - (-1426 + 1453)?
-18
Calculate 10 + -1 + -5 + -2 + 3 + -2.
3
Calculate 41 - (-14 + 40) - 7.
8
Calculate -14 + 21 + 1 - -4.
12
Evaluate (-1 - 4) + (67 - 26) + -12 + 2.
26
Calculate -23 + 15 + (-12 - (-3 - (2 - -1))).
-14
What is 0 - (1 + (10 - 3)) - -4?
-4
What is the value of -11 - (13 + (0 - (13 + -9) - 4))?
-16
-1 + -2 - -4 - 3 - 8
-10
Evaluate -7 - (-10 + 10 - (21 + (-2 - -2))).
14
What is the value of (-37 + 8 - (-8 + -1)) + -3 + 0?
-23
Calculate -1 + 5 - ((3 - -39) + -44).
6
Evaluate (-16 - (-13 + 16)) + 0 + 11.
-8
What is (-29 - -12) + 11 - 13?
-19
What is -7 + (2 - (-5 + 1)) - -13?
12
What is the value of -64 - -64 - (-3 + 3 + (-3 - -10))?
-7
7 + -4 + (-3 + 10 - 11)
-1
What is the value of -11 + -4 + -7 + -8 + 3?
-27
Calculate -27 + 45 + (-13 - -11).
16
(-251 - -230) + (0 - 1) - -14
-8
Evaluate -13 + 0 + (165 - 158).
-6
Evaluate -2 + (16 + -7 - (-1 - -12)).
-4
What is the value of 14 - (8 - (17 + -57))?
-34
What is 5 + (-8 - -2) - -10 - (-7 - -10)?
6
What is the value of (3 - -1 - (-1 + 0)) + -10 - -4?
-1
Evaluate 5 - (0 + -1 - 0 - (57 - 57)).
6
What is the value of 179 + -171 - (13 - -4)?
-9
Evaluate (33 - 8) + -35 + -6.
-16
Evaluate 41 + (-30 - (-1 + -6)).
18
What is -7 - (-6 + -1 + 70 + -67)?
-3
What is the value of (33 + -11 - -25) + -19?
28
Calculate (-5 - -14 - (-11 + 26)) + 1.
-5
Calculate 17 + (-1 - (-6 - -15) - -7).
14
What is (14 - (19 + -13)) + (-13 - 6)?
-11
Calculate (9 + -10 - 8) + -9 + 8.
-10
Evaluate -2 + -1 + -12 + (-8 - (-5 - 7)).
-11
-14 - (26 + -33 + 25)
-32
-254 + 248 - (-35 + (1 - -2))
26
What is the value of (10 - 0 - (-135 - -151)) + -10?
-16
Evaluate 1 + 1 + 1 + -371 + 370 + 18.
20
Evaluate (2 - 7) + 4 + (-8 - -1).
-8
What is the value of 1 + 4 + 9 + -12 + 8?
10
What is 0 - (9 - (0 - 5 - -7))?
-7
Calculate -4 - (2 - 30 - (3 + -20 - -9)).
16
-17 + (9 - -1) + -6 - -2
-11
Evaluate -12 + 6 + 5 - (-3 - -9).
-7
What is (14 - (16 - 12)) + (-48 - -47)?
9
What is the value of 6 - 0 - (12 + -34 + 11 - -25)?
-8
(251 - 233) + (1 - 2) + 1
18
What is 0 + (-4 - (11 - -9))?
-24
What is the value of 4 - 1 - (-2 - (6 - (1 - -4)))?
6
Calculate 0 + 18 + -22 + -4.
-8
Evaluate -1 - (-6 + 1) - -9.
13
What is 11 - (12 - (-12 - -5))?
-8
Evaluate 27 - ((20 - 36) + 50).
-7
What is (12 - -41 - 23) + -41?
-11
Calculate -32 + 68 - (15 - 2).
23
What is the value of -3 + 27 + -10 + -25?
-11
-1 - (9 + -24 + 17)
-3
What is the value of 1 + 10 + -2 + -9 + 3?
3
Calculate 2 + (3 - -2) + -4 + (18 - 10).
11
Calculate 10 + (3 - 16) + (1 - -3).
1
(9 - (10 + -1 + -9)) + -2 + 17
24
What is the value of -12 - ((2 - 11) + (5 - -6))?
-14
-6 - (6 - (-6 + (5 + -6 - -21)))
2
What is the value of -9 + (1 - -5 - (34 + -23))?
-14
Evaluate -148 + 144 + (0 - 2 - -3) + 17.
14
Calculate 45 + -70 - (-7 + 0) - -14.
-4
Evaluate (-9 - -8 - -44) + 3 + -1 + -11.
34
Calculate 2 + -4 + 17 - (-21 + -13 + 40).
9
Evaluate 2 + -1 + -88 + 91.
4
(-4 - -8 - 9) + 24 - (6 + -1)
14
What is (-9 - ((5 - (-9 + 17)) + 11)) + -2?
-19
(36 - 23) + (0 - 6)
7
Evaluate (-7 - -4 - 9) + 13.
1
Calculate 99 + -108 + (3 - 4) + 8.
-2
What is the value of -2 - ((0 + 5 - 4) + -2) - -7?
6
Calculate 0 + 3 + 0 - (69 - (-19 - -68)).
-17
What is the value of (1 - (15 - (13 - -19))) + -31?
-13
What is 13 + (45 - 26) + -20?
12
What is the value of (1 - 7) + (0 - (-3 - -4)) + 6?
-1
Evaluate 3 + (-2 + -2 + 2 - 2) + -10.
-11
Calculate 16 + -26 + -26 + 13 + (-2 - -4).
-21
Evaluate -18 + 0 - (-14 - (1 - (-8 + 19))).
-14
Evaluate -1 + 10 - (-7 + -4 + 7 + -2).
15
Calculate (-63 - -64) + -3 + (2 - 2) + -1.
-3
What is 42 + -54 + (7 - 8) + 4 + -1?
-10
Calculate 0 + ((0 - 1) + -1 - -2).
0
What is 0 - (-3 + -2) - (-75 + 48 - -22)?
10
Calculate 2 - (-5 + -8 + (0 - -7) + -1).
9
Calculate (19 - 30) + (2 - 0